{"id":14134,"date":"2020-09-24T20:41:00","date_gmt":"2020-09-24T18:41:00","guid":{"rendered":"https:\/\/www.ff-oepping.at\/cms\/?page_id=14134"},"modified":"2025-09-28T20:26:06","modified_gmt":"2025-09-28T18:26:06","slug":"fahrzeuge","status":"publish","type":"page","link":"https:\/\/www.ff-oepping.at\/cms\/fahrzeuge\/","title":{"rendered":"Fahrzeuge"},"content":{"rendered":"\n<p>Die Fahrzeuge der Feuerwehr Oepping bilden das Herzst\u00fcck der technischen Ausstattung und erm\u00f6glichen es, in den unterschiedlichsten Einsatzsituationen schnell und effektiv Hilfe zu leisten. Vom Tankl\u00f6schfahrzeug f\u00fcr Brandeins\u00e4tze \u00fcber das Kommandofahrzeug stehen uns mit diesen bzw. in diesen Fahrzeugen vielseitige Einsatzmittel zur Verf\u00fcgung.<\/p>\n\n\n\n<p>Dank regelm\u00e4\u00dfiger Wartung, moderner Ausstattung und einer guten Ausbildung der Kameradinnen und Kameraden sind wir bestens ger\u00fcstet, um bei Br\u00e4nden, technischen Hilfeleistungen oder sonstigen Notf\u00e4llen rasch eingreifen zu k\u00f6nnen.<\/p>\n\n\n\n<p>Unsere Fahrzeuge sind nicht nur Arbeitsger\u00e4te, sondern auch ein Symbol f\u00fcr die Einsatzbereitschaft und Schlagkraft der Feuerwehr Oepping \ud83d\ude92<\/p>\n\n\n\n<figure class=\"wp-block-image size-large is-resized\"><a href=\"https:\/\/www.ff-oepping.at\/cms\/wp-content\/uploads\/2025\/09\/2025-09-28_KFZ_FFO.jpg\" data-rel=\"lightbox-gallery-RzOjKPhF\" data-rl_title=\"\" data-rl_caption=\"\" title=\"\"><img loading=\"lazy\" decoding=\"async\" width=\"1024\" height=\"684\" src=\"https:\/\/www.ff-oepping.at\/cms\/wp-content\/uploads\/2025\/09\/2025-09-28_KFZ_FFO-1024x684.jpg\" alt=\"\" class=\"wp-image-14178\" style=\"width:714px;height:auto\" srcset=\"https:\/\/www.ff-oepping.at\/cms\/wp-content\/uploads\/2025\/09\/2025-09-28_KFZ_FFO-1024x684.jpg 1024w, https:\/\/www.ff-oepping.at\/cms\/wp-content\/uploads\/2025\/09\/2025-09-28_KFZ_FFO-300x200.jpg 300w, https:\/\/www.ff-oepping.at\/cms\/wp-content\/uploads\/2025\/09\/2025-09-28_KFZ_FFO-768x513.jpg 768w, https:\/\/www.ff-oepping.at\/cms\/wp-content\/uploads\/2025\/09\/2025-09-28_KFZ_FFO-1536x1025.jpg 1536w, https:\/\/www.ff-oepping.at\/cms\/wp-content\/uploads\/2025\/09\/2025-09-28_KFZ_FFO-1320x881.jpg 1320w, https:\/\/www.ff-oepping.at\/cms\/wp-content\/uploads\/2025\/09\/2025-09-28_KFZ_FFO.jpg 2000w\" sizes=\"auto, (max-width: 1024px) 100vw, 1024px\" \/><\/a><\/figure>\n\n\n\n<p><\/p>\n\n\n<div class=\"abcfslGridCntr stuffContainer slv174_t14132_LI abcfslGridCntr_14132\"><div id=\"abcfslGridItemsCntr_14132\" class=\"abcfslGridItemsCntr\"><div class=\"abcfslGCol abcfslItemCntrLst stuffContainerRowOuter abcfClrFix\"><div class=\"abcfslLstCol abcfslLstCol-3 abcfslImgColLst\"><div class=\"abcfslImgCntrLst abcfslMLRPc\"><a href=\"https:\/\/www.ff-oepping.at\/cms\/fahrzeuge-detail\/?smid=14137\"><img decoding=\"async\"  src=\"https:\/\/www.ff-oepping.at\/cms\/wp-content\/uploads\/2025\/09\/2025-09-28_KFZ_FFO_KDO-1024x684.jpg\" class=\"stuffContainerRowImage\" alt=\"\" itemprop=\"image\"  \/><\/a><\/div><\/div><div class=\"abcfslLstCol abcfslLstCol-9 abcfslTxtColLst\"><div class=\"abcfslTxtCntrLst  stuffContainerRowText\"><div class=\"T-F1\">KDO<\/div><div class=\"stuffContainerNameLang T-F2\">Kommandofahrzeug<\/div><div class=\"T-F6\">Marke: Ford Transit Bus<\/div><div class=\"T-F4\">Aufbauer: Eigenregie<\/div><div class=\"T-F3\">Im Dienst seit: Juli 2005<\/div><div class=\"T-F5\">Leistung: 92 KW \/\/ 125 PS<\/div><div class=\"stuffSinglePageLink SPTL\"><a href=\"https:\/\/www.ff-oepping.at\/cms\/fahrzeuge-detail\/?smid=14137\">Weitere Infos<\/a><\/div><\/div><\/div><\/div><div class=\"abcfslGCol abcfslItemCntrLst stuffContainerRowOuter abcfClrFix\"><div class=\"abcfslLstCol abcfslLstCol-3 abcfslImgColLst\"><div class=\"abcfslImgCntrLst abcfslMLRPc\"><a href=\"https:\/\/www.ff-oepping.at\/cms\/fahrzeuge-detail\/?smid=14136\"><img decoding=\"async\"  src=\"https:\/\/www.ff-oepping.at\/cms\/wp-content\/uploads\/2025\/09\/2025-09-28_KFZ_FFO_KLF-1024x684.jpg\" class=\"stuffContainerRowImage\" alt=\"\" itemprop=\"image\"  \/><\/a><\/div><\/div><div class=\"abcfslLstCol abcfslLstCol-9 abcfslTxtColLst\"><div class=\"abcfslTxtCntrLst  stuffContainerRowText\"><div class=\"T-F1\">KLF-A<\/div><div class=\"stuffContainerNameLang T-F2\">Kleinl\u00f6schfahrzeug mit Allrad<\/div><div class=\"T-F6\">Marke: Mercedes Benz Sprinter<\/div><div class=\"T-F4\">Aufbauer: Rosenbauer<\/div><div class=\"T-F3\">Im Dienst seit: M\u00e4rz 2012<\/div><div class=\"T-F5\">Leistung: 140 KW \/\/ 190 PS<\/div><div class=\"stuffSinglePageLink SPTL\"><a href=\"https:\/\/www.ff-oepping.at\/cms\/fahrzeuge-detail\/?smid=14136\">Weitere Infos<\/a><\/div><\/div><\/div><\/div><div class=\"abcfslGCol abcfslItemCntrLst stuffContainerRowOuter abcfClrFix\"><div class=\"abcfslLstCol abcfslLstCol-3 abcfslImgColLst\"><div class=\"abcfslImgCntrLst abcfslMLRPc\"><a href=\"https:\/\/www.ff-oepping.at\/cms\/fahrzeuge-detail\/?smid=14133\"><img decoding=\"async\"  src=\"https:\/\/www.ff-oepping.at\/cms\/wp-content\/uploads\/2025\/09\/2025-09-28_KFZ_FFO_TLF-1024x684.jpg\" class=\"stuffContainerRowImage\" alt=\"\" itemprop=\"image\"  \/><\/a><\/div><\/div><div class=\"abcfslLstCol abcfslLstCol-9 abcfslTxtColLst\"><div class=\"abcfslTxtCntrLst  stuffContainerRowText\"><div class=\"T-F1\">TLF-A 2000<\/div><div class=\"stuffContainerNameLang T-F2\">Tankl\u00f6schfahrzeug mit Allrad und 2000 Liter Wasser<\/div><div class=\"T-F6\">Marke: MAN<\/div><div class=\"T-F4\">Aufbauer: Rosenbauer<\/div><div class=\"T-F3\">Im Dienst seit: Juli 1997<\/div><div class=\"T-F5\">Leistung: 162 KW \/\/ 220 PS<\/div><div class=\"stuffSinglePageLink SPTL\"><a href=\"https:\/\/www.ff-oepping.at\/cms\/fahrzeuge-detail\/?smid=14133\">Weitere Infos<\/a><\/div><\/div><\/div><\/div><\/div><\/div>\n","protected":false},"excerpt":{"rendered":"<p>Die Fahrzeuge der Feuerwehr Oepping bilden das Herzst\u00fcck der technischen Ausstattung und erm\u00f6glichen es, in den unterschiedlichsten Einsatzsituationen schnell und effektiv Hilfe zu leisten. Vom Tankl\u00f6schfahrzeug f\u00fcr Brandeins\u00e4tze \u00fcber das&hellip;<\/p>\n","protected":false},"author":3,"featured_media":0,"parent":0,"menu_order":0,"comment_status":"closed","ping_status":"closed","template":"","meta":{"footnotes":""},"class_list":["post-14134","page","type-page","status-publish","hentry"],"wps_subtitle":"","_links":{"self":[{"href":"https:\/\/www.ff-oepping.at\/cms\/wp-json\/wp\/v2\/pages\/14134","targetHints":{"allow":["GET"]}}],"collection":[{"href":"https:\/\/www.ff-oepping.at\/cms\/wp-json\/wp\/v2\/pages"}],"about":[{"href":"https:\/\/www.ff-oepping.at\/cms\/wp-json\/wp\/v2\/types\/page"}],"author":[{"embeddable":true,"href":"https:\/\/www.ff-oepping.at\/cms\/wp-json\/wp\/v2\/users\/3"}],"replies":[{"embeddable":true,"href":"https:\/\/www.ff-oepping.at\/cms\/wp-json\/wp\/v2\/comments?post=14134"}],"version-history":[{"count":8,"href":"https:\/\/www.ff-oepping.at\/cms\/wp-json\/wp\/v2\/pages\/14134\/revisions"}],"predecessor-version":[{"id":14188,"href":"https:\/\/www.ff-oepping.at\/cms\/wp-json\/wp\/v2\/pages\/14134\/revisions\/14188"}],"wp:attachment":[{"href":"https:\/\/www.ff-oepping.at\/cms\/wp-json\/wp\/v2\/media?parent=14134"}],"curies":[{"name":"wp","href":"https:\/\/api.w.org\/{rel}","templated":true}]}}

<p>Die Fahrzeuge der Feuerwehr Oepping bilden das Herzstück der technischen Ausstattung und ermöglichen es, in den unterschiedlichsten Einsatzsituationen schnell und effektiv Hilfe zu leisten. Vom Tanklöschfahrzeug für Brandeinsätze über das Kommandofahrzeug stehen uns mit diesen bzw. in diesen Fahrzeugen vielseitige Einsatzmittel zur Verfügung.</p>



<p>Dank regelmäßiger Wartung, moderner Ausstattung und einer guten Ausbildung der Kameradinnen und Kameraden sind wir bestens gerüstet, um bei Bränden, technischen Hilfeleistungen oder sonstigen Notfällen rasch eingreifen zu können.</p>



<p>Unsere Fahrzeuge sind nicht nur Arbeitsgeräte, sondern auch ein Symbol für die Einsatzbereitschaft und Schlagkraft der Feuerwehr Oepping 🚒</p>



<figure class="wp-block-image size-large is-resized"><a href="https://www.ff-oepping.at/cms/wp-content/uploads/2025/09/2025-09-28_KFZ_FFO.jpg" data-rel="lightbox-gallery-RzOjKPhF" data-rl_title="" data-rl_caption="" title=""><img loading="lazy" decoding="async" width="1024" height="684" src="https://www.ff-oepping.at/cms/wp-content/uploads/2025/09/2025-09-28_KFZ_FFO-1024x684.jpg" alt="" class="wp-image-14178" style="width:714px;height:auto" srcset="https://www.ff-oepping.at/cms/wp-content/uploads/2025/09/2025-09-28_KFZ_FFO-1024x684.jpg 1024w, https://www.ff-oepping.at/cms/wp-content/uploads/2025/09/2025-09-28_KFZ_FFO-300x200.jpg 300w, https://www.ff-oepping.at/cms/wp-content/uploads/2025/09/2025-09-28_KFZ_FFO-768x513.jpg 768w, https://www.ff-oepping.at/cms/wp-content/uploads/2025/09/2025-09-28_KFZ_FFO-1536x1025.jpg 1536w, https://www.ff-oepping.at/cms/wp-content/uploads/2025/09/2025-09-28_KFZ_FFO-1320x881.jpg 1320w, https://www.ff-oepping.at/cms/wp-content/uploads/2025/09/2025-09-28_KFZ_FFO.jpg 2000w" sizes="auto, (max-width: 1024px) 100vw, 1024px" /></a></figure>



<p></p>


<div class="abcfslGridCntr stuffContainer slv174_t14132_LI abcfslGridCntr_14132"><div id="abcfslGridItemsCntr_14132" class="abcfslGridItemsCntr"><div class="abcfslGCol abcfslItemCntrLst stuffContainerRowOuter abcfClrFix"><div class="abcfslLstCol abcfslLstCol-3 abcfslImgColLst"><div class="abcfslImgCntrLst abcfslMLRPc"><a href="https://www.ff-oepping.at/cms/fahrzeuge-detail/?smid=14137"><img decoding="async"  src="https://www.ff-oepping.at/cms/wp-content/uploads/2025/09/2025-09-28_KFZ_FFO_KDO-1024x684.jpg" class="stuffContainerRowImage" alt="" itemprop="image"  /></a></div></div><div class="abcfslLstCol abcfslLstCol-9 abcfslTxtColLst"><div class="abcfslTxtCntrLst  stuffContainerRowText"><div class="T-F1">KDO</div><div class="stuffContainerNameLang T-F2">Kommandofahrzeug</div><div class="T-F6">Marke: Ford Transit Bus</div><div class="T-F4">Aufbauer: Eigenregie</div><div class="T-F3">Im Dienst seit: Juli 2005</div><div class="T-F5">Leistung: 92 KW // 125 PS</div><div class="stuffSinglePageLink SPTL"><a href="https://www.ff-oepping.at/cms/fahrzeuge-detail/?smid=14137">Weitere Infos</a></div></div></div></div><div class="abcfslGCol abcfslItemCntrLst stuffContainerRowOuter abcfClrFix"><div class="abcfslLstCol abcfslLstCol-3 abcfslImgColLst"><div class="abcfslImgCntrLst abcfslMLRPc"><a href="https://www.ff-oepping.at/cms/fahrzeuge-detail/?smid=14136"><img decoding="async"  src="https://www.ff-oepping.at/cms/wp-content/uploads/2025/09/2025-09-28_KFZ_FFO_KLF-1024x684.jpg" class="stuffContainerRowImage" alt="" itemprop="image"  /></a></div></div><div class="abcfslLstCol abcfslLstCol-9 abcfslTxtColLst"><div class="abcfslTxtCntrLst  stuffContainerRowText"><div class="T-F1">KLF-A</div><div class="stuffContainerNameLang T-F2">Kleinlöschfahrzeug mit Allrad</div><div class="T-F6">Marke: Mercedes Benz Sprinter</div><div class="T-F4">Aufbauer: Rosenbauer</div><div class="T-F3">Im Dienst seit: März 2012</div><div class="T-F5">Leistung: 140 KW // 190 PS</div><div class="stuffSinglePageLink SPTL"><a href="https://www.ff-oepping.at/cms/fahrzeuge-detail/?smid=14136">Weitere Infos</a></div></div></div></div><div class="abcfslGCol abcfslItemCntrLst stuffContainerRowOuter abcfClrFix"><div class="abcfslLstCol abcfslLstCol-3 abcfslImgColLst"><div class="abcfslImgCntrLst abcfslMLRPc"><a href="https://www.ff-oepping.at/cms/fahrzeuge-detail/?smid=14133"><img decoding="async"  src="https://www.ff-oepping.at/cms/wp-content/uploads/2025/09/2025-09-28_KFZ_FFO_TLF-1024x684.jpg" class="stuffContainerRowImage" alt="" itemprop="image"  /></a></div></div><div class="abcfslLstCol abcfslLstCol-9 abcfslTxtColLst"><div class="abcfslTxtCntrLst  stuffContainerRowText"><div class="T-F1">TLF-A 2000</div><div class="stuffContainerNameLang T-F2">Tanklöschfahrzeug mit Allrad und 2000 Liter Wasser</div><div class="T-F6">Marke: MAN</div><div class="T-F4">Aufbauer: Rosenbauer</div><div class="T-F3">Im Dienst seit: Juli 1997</div><div class="T-F5">Leistung: 162 KW // 220 PS</div><div class="stuffSinglePageLink SPTL"><a href="https://www.ff-oepping.at/cms/fahrzeuge-detail/?smid=14133">Weitere Infos</a></div></div></div></div></div></div>

<p>Die Fahrzeuge der Feuerwehr Oepping bilden das Herzstück der technischen Ausstattung und ermöglichen es, in den unterschiedlichsten Einsatzsituationen schnell und effektiv Hilfe zu leisten. Vom Tanklöschfahrzeug für Brandeinsätze über das&hellip;</p>
