{"id":1459,"date":"2013-03-13T19:28:03","date_gmt":"2013-03-13T17:28:03","guid":{"rendered":"http:\/\/www.ff-oepping.at\/wp\/?page_id=1459"},"modified":"2024-01-25T09:21:18","modified_gmt":"2024-01-25T08:21:18","slug":"archiv","status":"publish","type":"page","link":"https:\/\/www.ff-oepping.at\/cms\/archiv\/","title":{"rendered":"Archiv"},"content":{"rendered":"\n<p>Bitte ein Einsatzjahr w\u00e4hlen:<\/p>\n\n\n\n<p><a href=\"https:\/\/www.ff-oepping.at\/cms\/category\/einsatze\/einsatze-2018\/\" data-type=\"link\" data-id=\"https:\/\/www.ff-oepping.at\/cms\/category\/einsatze\/einsatze-2018\/\">Eins\u00e4tze 2018<\/a><br><a href=\"https:\/\/www.ff-oepping.at\/cms\/category\/einsatze\/einsatze-2017\/\">Eins\u00e4tze 2017<\/a><br><a href=\"https:\/\/www.ff-oepping.at\/cms\/category\/einsatze\/einsatze-2016\/\">Eins\u00e4tze 2016<\/a><br><a href=\"https:\/\/www.ff-oepping.at\/cms\/category\/einsatze\/einsaetze-2015\">Eins\u00e4tze 2015<\/a><br><a href=\"https:\/\/www.ff-oepping.at\/cms\/category\/einsatze\/einsaetze-2014\">Eins\u00e4tze 2014<\/a><br><a href=\"https:\/\/www.ff-oepping.at\/cms\/category\/einsatze\/einsatze-2013\">Eins\u00e4tze 2013<\/a><a title=\"Eins\u00e4tze 2012\" href=\"https:\/\/www.ff-oepping.at\/cms\/category\/einsatze\/einsatze-2012\/\"><br><\/a><a href=\"https:\/\/www.ff-oepping.at\/cms\/category\/einsatze\/einsatze-2012\/\">Eins\u00e4tze 2012<\/a><a title=\"Eins\u00e4tze 2011\" href=\"https:\/\/www.ff-oepping.at\/cms\/category\/einsatze\/einsatze-2011\"><br><\/a><a href=\"https:\/\/www.ff-oepping.at\/cms\/category\/einsatze\/einsatze-2011\/\">Eins\u00e4tze 2011<\/a><br><a href=\"https:\/\/www.ff-oepping.at\/cms\/category\/einsatze\/einsatze-2010\">Eins\u00e4tze 2010<\/a><br><a href=\"https:\/\/www.ff-oepping.at\/cms\/category\/einsatze\/einsatze-2009\">Eins\u00e4tze 2009<br><\/a><a href=\"https:\/\/www.ff-oepping.at\/cms\/category\/einsatze\/einsatze-2008\">Eins\u00e4tze 2008<\/a><a title=\"Eins\u00e4tze 2008\" href=\"https:\/\/www.ff-oepping.at\/cms\/category\/einsatze\/einsatze-2008\"><br><em id=\"__mceDel\"><\/em><\/a><a href=\"https:\/\/www.ff-oepping.at\/cms\/category\/einsatze\/einsatze-2007\">Eins\u00e4tze 2007<\/a><a title=\"Eins\u00e4tze 2007\" href=\"https:\/\/www.ff-oepping.at\/cms\/category\/einsatze\/einsatze-2007\"><br><\/a><a href=\"https:\/\/www.ff-oepping.at\/cms\/category\/einsatze\/einsatze-2006\">Eins\u00e4tze 2006<\/a><a title=\"Eins\u00e4tze 2006\" href=\"https:\/\/www.ff-oepping.at\/cms\/category\/einsatze\/einsatze-2006\"><br><\/a><a href=\"https:\/\/www.ff-oepping.at\/cms\/category\/einsatze\/einsatze-2005\">Eins\u00e4tze 2005<\/a><a title=\"Eins\u00e4tze 2005\" href=\"https:\/\/www.ff-oepping.at\/cms\/category\/einsatze\/einsatze-2005\"><br><\/a><a href=\"https:\/\/www.ff-oepping.at\/cms\/category\/einsatze\/einsatze-2004\">Eins\u00e4tze 2004<\/a><a title=\"Eins\u00e4tze 2004\" href=\"https:\/\/www.ff-oepping.at\/cms\/category\/einsatze\/einsatze-2004\"><br><\/a><a href=\"https:\/\/www.ff-oepping.at\/cms\/category\/einsatze\/einsatze-2003\">Eins\u00e4tze 2003<\/a><a title=\"Eins\u00e4tze 2003\" href=\"https:\/\/www.ff-oepping.at\/cms\/category\/einsatze\/einsatze-2003\"><br><\/a><a href=\"https:\/\/www.ff-oepping.at\/cms\/category\/einsatze\/einsatze-2002\">Eins\u00e4tze 2002<\/a><\/p>\n","protected":false},"excerpt":{"rendered":"<p>Bitte ein Einsatzjahr w\u00e4hlen: Eins\u00e4tze 2018Eins\u00e4tze 2017Eins\u00e4tze 2016Eins\u00e4tze 2015Eins\u00e4tze 2014Eins\u00e4tze 2013Eins\u00e4tze 2012Eins\u00e4tze 2011Eins\u00e4tze 2010Eins\u00e4tze 2009Eins\u00e4tze 2008Eins\u00e4tze 2007Eins\u00e4tze 2006Eins\u00e4tze 2005Eins\u00e4tze 2004Eins\u00e4tze 2003Eins\u00e4tze 2002<\/p>\n","protected":false},"author":1,"featured_media":0,"parent":0,"menu_order":0,"comment_status":"closed","ping_status":"closed","template":"","meta":{"footnotes":""},"class_list":["post-1459","page","type-page","status-publish","hentry"],"wps_subtitle":"","_links":{"self":[{"href":"https:\/\/www.ff-oepping.at\/cms\/wp-json\/wp\/v2\/pages\/1459","targetHints":{"allow":["GET"]}}],"collection":[{"href":"https:\/\/www.ff-oepping.at\/cms\/wp-json\/wp\/v2\/pages"}],"about":[{"href":"https:\/\/www.ff-oepping.at\/cms\/wp-json\/wp\/v2\/types\/page"}],"author":[{"embeddable":true,"href":"https:\/\/www.ff-oepping.at\/cms\/wp-json\/wp\/v2\/users\/1"}],"replies":[{"embeddable":true,"href":"https:\/\/www.ff-oepping.at\/cms\/wp-json\/wp\/v2\/comments?post=1459"}],"version-history":[{"count":4,"href":"https:\/\/www.ff-oepping.at\/cms\/wp-json\/wp\/v2\/pages\/1459\/revisions"}],"predecessor-version":[{"id":12665,"href":"https:\/\/www.ff-oepping.at\/cms\/wp-json\/wp\/v2\/pages\/1459\/revisions\/12665"}],"wp:attachment":[{"href":"https:\/\/www.ff-oepping.at\/cms\/wp-json\/wp\/v2\/media?parent=1459"}],"curies":[{"name":"wp","href":"https:\/\/api.w.org\/{rel}","templated":true}]}}